 u + 11, 17 = -k - u + 4*u. Let q be m(k). Suppose -5*r - 24 = -q. What is the units digit of r?
7
Suppose -2 = -3*x - 8, -2*m - 2*x = -10. Let a(i) = 3*i - 5. Let s be a(m). Suppose -2*w + s = 2*h, 0 = -5*h + 4*w + 36 - 14. What is the units digit of h?
6
Suppose -s + 5*m = -42, 0*s + 3*m + 40 = s. What is the tens digit of s?
3
Let h = 3 - -1. Suppose h*q - 20 = -0. Let d = q - -1. What is the units digit of d?
6
Suppose 10*l = 15*l - 550. What is the units digit of l?
0
Let z(i) = i**2 + 2*i + 13*i + i + 17. What is the units digit of z(-15)?
2
What is the units digit of 0 - -4 - 2 - -31?
3
What is the units digit of -2 + (2/1 - -3)?
3
Let l(f) = 2*f + 1. Let b be l(2). Let p(h) = 3*h - 2 + b - 8 - h. What is the units digit of p(9)?
3
Let k = -19 - -54. What is the units digit of k?
5
Suppose 4*x = -7*t + 3*t + 152, -4*t + x + 127 = 0. What is the tens digit of t?
3
Suppose -r + 4*n + 4 = 0, -2*r - n + 20 = 3*r. Suppose -11 = -5*k + 9. Suppose 7*o + k*w - 28 = 3*o, r = -3*o + 2*w. What is the units digit of o?
2
Suppose 0 = o + 2*q, 0*o + q = 3*o - 7. Let w be (0 + 1)*54/o. Let z = -9 + w. What is the units digit of z?
8
Let u(b) = -37*b - 5. What is the tens digit of u(-3)?
0
Let m(g) = g**2 + 4*g + 5. Let q be m(-10). Suppose -3*x = 2*x + 2*l - q, -x + 3*l = 4. What is the tens digit of x?
1
Suppose 90 - 405 = -5*g. What is the units digit of g?
3
Let s be 22 + -2 - (0 - 0). Let d(m) = -3*m - 7. Let h be d(-4). Suppose -h*v = -5*c - s, 3*c + 2 - 8 = v. What is the units digit of v?
9
Suppose 5*g = 684 - 184. What is the hundreds digit of g?
1
Suppose 6*z - z - 15 = 0. Suppose w - 8 = -z*w. What is the units digit of w?
2
Let v = -7 - -14. Let q = v + -3. What is the tens digit of (-1)/(-4) - (-51)/q?
1
Let w = -2 - -6. Suppose 0 = k + w*y - 18, 3*y - 11 - 43 = -3*k. Suppose -k + 83 = 5*s. What is the tens digit of s?
1
Suppose -f + 4*r - 158 = 0, 5*r - 460 = 2*f + f. What is the units digit of 4/14 + f/(-14)?
1
Let t(q) = -10*q**2 + q**3 + 0*q**2 - 2*q**3 + 13 - 8*q. Let a be t(-9). What is the units digit of 112/18 + a/(-18)?
6
What is the tens digit of (-1)/((-6)/(-8))*19*-9?
2
Let o(k) = 5*k + 19. Let b(x) = x + 4. Let g(j) = -11*b(j) + 2*o(j). Let d be g(0). Let m = 12 + d. What is the units digit of m?
6
Let x be (2 - 1)/(1/2). Suppose -2*w + 20 = -x*f, 26 + 28 = 5*w - 4*f. What is the tens digit of w?
1
Suppose 5*l + 4*u = 71, -4*u + 11 - 6 = -l. What is the tens digit of l?
1
Suppose -6*h - 39 = -3*k - 2*h, 0 = -2*k + 3*h + 26. What is the units digit of k?
3
Let s = -54 - -99. What is the tens digit of s?
4
Suppose -p - 10 = -2*p. Let l(z) = -2*z**2 - 14*z - 7. Let y(v) = v**2 + v - 1. Let s(b) = -l(b) - 3*y(b). What is the units digit of s(p)?
0
Let b = 11 - 18. Let y be 0 + (-3)/1 - b. Suppose -3*x = -3*a - 0*a + 30, y*x = -12. What is the units digit of a?
7
Let n be (-104)/(-6) - (-14)/21. Suppose -m + 4*m - n = 0. What is the units digit of m?
6
Let m = 23 - 39. Let v = m + 27. Suppose 5*j - v - 29 = 0. What is the units digit of j?
8
Let y = -1 + -5. Let b be (0 + y - -2) + -2. Let o = b - -15. What is the units digit of o?
9
What is the units digit of -15*(-1 - 14/1)?
5
Suppose a - 2*a + 9 = 0. Let u = 9 - a. Suppose u = 4*p - 5*t - 19, -6*t = -p - 3*t + 3. What is the units digit of p?
6
Suppose -5*t + 119 = 4*p, 0 = 2*p - 0*p + t - 67. Suppose -p = -4*f + 24. What is the tens digit of f?
1
Suppose 4*u = 8 - 0. Let c(w) = 13*w**2 - w - 4. What is the tens digit of c(u)?
4
Suppose -2*q + 0 = -14. What is the units digit of q?
7
Let z = 41 - 17. Let l = -20 + z. What is the units digit of l?
4
Let w(j) = -j + 4. Let u(b) = b**2 + 7*b - 6. Let f be u(-6). What is the tens digit of w(f)?
1
Let n(v) = 4*v**2 + v. Let b be n(-1). Suppose -q = b*q. Suppose q*f - 22 = -2*f. What is the tens digit of f?
1
Let i(f) = -2*f**3 + 3*f**2 - 3*f - 7. Let a(k) = -6*k**3 + 9*k**2 - 8*k - 20. Let l(o) = -6*a(o) + 17*i(o). What is the units digit of l(3)?
9
Let u(b) = b**3 + 8*b**2 + 9*b. Let w be u(-6). Suppose w + 22 = 5*a. What is the units digit of a?
8
Let g = 15 + -5. Suppose -2*r + 6*r = -f + g, 3*f + 18 = 4*r. What is the units digit of (16/12)/(f/(-12))?
8
Let s(b) = b**3 - 7*b**2 + 8*b - 7. Let j be s(6). Suppose -j*l - i + 0*i = -3, 5*l + 5*i - 15 = 0. Suppose -p + 5 + 2 = l. What is the units digit of p?
7
Let m be 5/(-15) + (-13)/(-3). Let p(b) = b - 3. What is the units digit of p(m)?
1
Let v be ((-96)/20)/((-6)/(-20)). Let c be (3 + 0)*v/(-12). Suppose -4*j = 4*o - 20, c*j - j + 5*o - 15 = 0. What is the units digit of j?
5
Let x(r) be the third derivative of -r**5/30 + r**4/4 - 2*r**3/3 + 3*r**2. Let j be x(4). Let w = j - -27. What is the tens digit of w?
1
Let b(a) = -a**2 + 6*a + 7. Let w be b(7). Suppose w = -g - g + 16. What is the units digit of g?
8
Let k = -52 + 78. What is the units digit of k?
6
Let x be -2 + 4 - (-4 - 2). Let d be (0 - 3)/((-12)/x). Suppose -o - d*o = 5*p - 18, 4*o + 8 = 4*p. What is the units digit of p?
3
Let g(d) = d**3 + 15*d**2 + 12*d - 20. Let s be g(-14). Suppose 4*n = s, k - 11 = -2*n + n. What is the units digit of k?
9
Suppose -3*w + 2 = -5*w + 3*f, 8 = -4*f. Let p be (4 - 2)*(-30)/w. Let a = p - 0. What is the units digit of a?
5
Let n be (-10)/(-14) + 4/14. Let d be n/6 - 177/(-18). Suppose -f + d = -0. What is the units digit of f?
0
Suppose -25*f = -21*f - 260. What is the tens digit of f?
6
Let g(x) = -7*x + 6. Let v(o) = -6*o + 5. Let k(l) = 5*g(l) - 6*v(l). What is the units digit of k(11)?
1
Suppose 0 = -d - 3*d + 20. Suppose -d*k + k + 12 = 0. Suppose 2*s + 14 = k*j + 4, s = 1. What is the units digit of j?
4
Let a(x) = -x**2 + 15*x + 10. What is the tens digit of a(8)?
6
Let n(u) be the third derivative of u**5/60 - u**4/4 + u**3/3 - u**2. Suppose 28 + 2 = 5*v. What is the units digit of n(v)?
2
Suppose 3*s - 15 = -99. Let w be (-91)/s - 1/4. Suppose -4*u = 5*p + w, -u - 4 = -2*p - 0*u. What is the units digit of p?
1
Suppose 2*w - 25 = v, w = -2*w + 3*v + 45. Let t = -8 + w. What is the units digit of t?
2
Let n(p) = p**2 + 2*p - 37. What is the tens digit of n(-15)?
5
Suppose -44*n = -40*n - 808. What is the units digit of n?
2
Suppose -7*d = -9*d + 40. What is the units digit of d?
0
Let o(l) = l**3 + 6*l**2 + 3*l + 9. Let h be o(-6). Let y(c) = -3*c + 2. What is the tens digit of y(h)?
2
Suppose -3*t + 10 = -11. What is the tens digit of t/(-21) + (-31)/(-3)?
1
Let l = 1 - -1. What is the units digit of 1 + l/2*20?
1
Let z be 8/6 + 2/(-6). Let c = 14 - z. What is the tens digit of c?
1
Let x(w) = -3*w. Let m be x(-1). Let a(l) = l**3 - 3*l**2 + 3. What is the units digit of a(m)?
3
Suppose 0*h = -4*h + 356. Suppose h = 5*f - f - b, 2*f - 4*b - 62 = 0. What is the tens digit of f?
2
What is the tens digit of 1 + -1 + 24 + -4?
2
Let o(n) = n - 8. Let a = 2 + 8. What is the units digit of o(a)?
2
Suppose 107 = 5*i - 8. Let o = 18 + -30. Let p = o + i. What is the units digit of p?
1
Let u be 21/6*(0 + 6). Let z be (-2)/7 - 36/u. What is the units digit of 1 + 6/z - -3?
1
Let b be (-4)/(-6)*(-45)/(-10). What is the units digit of ((-6)/(-9))/(2/b)?
1
Suppose 2*d - 4*d = -20. Suppose -6*b + b = -d. Suppose -1 = -b*i + 5. What is the units digit of i?
3
Let c be (-4)/(-10) - (-23)/5. Suppose 5*i = 5*k - 35, -5*i + 0 - c = k. Suppose k*l = l + 16. What is the units digit of l?
4
Suppose 4*z - 3*w + 7 = 0, -z - 5*w + 4 + 23 = 0. Suppose 3*y = 8 + 1. Suppose z*l = l + y. What is the units digit of l?
3
Let m(n) = -n - 4. Let l be m(-7). Suppose -2*o = l*o - 35. What is the units digit of o?
7
Let i(u) = 8*u**3 + 3*u - 4. What is the tens digit of i(2)?
6
Suppose 6*j + 11 = 4*j + 3*t, j - 2*t = -8. Let w be j/6 - 6/(-9). Let k = w + 0. What is the units digit of k?
1
Suppose -5*l - 2*j = -5*j - 12, j + 4 = 5*l. Let t = l - -6. What is the units digit of t?
6
Let d = -5 - -12. Let o(k) = -k**2 + 9*k + 2. What is the units digit of o(d)?
6
Let j(m) = -2*m - 2. Let b(r) = -3*r - 3. Let d(q) = 3*b(q) - 4*j(q). Let y be d(-6). Suppose 0 = 9*c - 4*c - y. What is the units digit of c?
1
What is the tens digit of (5 - 4) + 3 + 250 + 2?
5
Let w(l) = -l**2 - 10*l - 8. Suppose -4*f + 0 - 4 = 0. Let t be (45/20)/(f/4). What is the units digit of w(t)?
1
Let o(i) = -3*i**3 - 2*i**2 + 8*i - 3.